 + v. Calculate f(-3).
1
Let x(i) = i**3 + 5*i**2 + 5*i + 2. Suppose -g - 16 = -4*a, -3*g = -0*g - 5*a + 27. Determine x(g).
-2
Let t = 22 - 7. Suppose 3 = 3*k + t. Let h(b) = b + 5. Determine h(k).
1
Let y(n) = 6*n**3 + 6*n**2 - 5*n - 7. Let x(c) = -5*c**3 - 5*c**2 + 4*c + 7. Let l(w) = -5*x(w) - 4*y(w). Give l(0).
-7
Let i(p) = 11*p - 53*p**2 + 28*p**2 - 4*p + 3 + 24*p**2. What is i(8)?
-5
Suppose -5*a + 1 = 2*t - 12, 0 = -t + a + 3. Let p(v) = -v**3 + 3*v + 2*v + 5*v**2 - 8*v. What is p(t)?
4
Let c(n) = 2 + 8 - 11. Let b(s) = -s. Let j(p) = b(p) - c(p). Determine j(4).
-3
Let w(a) be the first derivative of a**5/120 + a**4/6 + 4*a**3/3 - 4. Let l(d) be the third derivative of w(d). Determine l(3).
7
Suppose 3 = -t + 6. Let i(a) = 0*a - a**3 + 2 + 0 + 4*a**2 - 3*a. Calculate i(t).
2
Let h(m) = 3*m + 3. Let p(w) = -w + 12. Let f be p(14). What is h(f)?
-3
Let d(q) = -3*q**2 + 5*q - 9. Let u(j) = -4*j**2 + 7*j - 13. Let k(s) = -7*d(s) + 5*u(s). Determine k(-3).
7
Let o(w) be the first derivative of w**2/2 - 8*w - 24. What is o(9)?
1
Let b(a) = 3*a + 11 - 2*a**2 - 8 + 3*a**2 + 2*a. Calculate b(-4).
-1
Let u = 18 - 17. Let j(z) = 5*z**2 + z. Calculate j(u).
6
Suppose 4*v = -2*k + 2*v + 26, -5*v + 17 = -k. Let w(f) = 4*f**2 - 9*f + 3. Let n(l) = -11*l**2 + 26*l - 10. Let t(s) = k*w(s) + 3*n(s). Calculate t(5).
-1
Suppose 5*k + 1 = -19, 0 = -o - 2*k - 2. Suppose -5*y = -o + 1, -c - 5*y + 4 = 0. Let r(a) be the first derivative of 5*a**2/2 + a + 3. Give r(c).
-4
Let j(u) = -4. Let i(g) = 0*g - 1 - g - 2. Let r(y) = 3*i(y) - 2*j(y). Suppose -3*q = -l + 10, q = 4*l - 0*q + 4. Determine r(l).
5
Let x(c) = 1 - c + 2*c + 2*c - 2*c. Let w(n) = -n + 6. Let p be w(5). Let t = -3 + p. Calculate x(t).
-1
Let p(o) = -o**3 - 6 - 2*o**3 + 2*o**3 + 0*o**3 + 9*o**2 - 8*o. Calculate p(8).
-6
Suppose 4*m - 4*p = 2*m, -p = 3*m + 14. Let d(y) = y**2 + 2*y + 4. Give d(m).
12
Suppose -b + 4*b = 6. Let j(p) = 2 + p**2 - p**3 + 0*p**b + 3*p - 2*p. Let f be (-3 - 0)*2/(-3). Give j(f).
0
Let c be 5*1/(10/(-8)). Let z(k) be the second derivative of k**5/60 + k**4/6 + k**3/6 - 9*k**2/2 + 14*k. Let w(p) be the first derivative of z(p). Give w(c).
1
Let i(g) be the first derivative of g**2 + 4*g + 4. Give i(4).
12
Let m(p) = 2 + 1 - 4 - p. Suppose -3*i + 12 = -b, 2*i = 6*i + b - 16. Suppose -3*n + 4 = -i*n. Calculate m(n).
3
Let u(v) = v**3 - 5*v**2 - v. Let d = -7 + 11. Calculate u(d).
-20
Let v(n) be the third derivative of -n**6/120 - n**5/15 - 5*n**4/24 - n**3/2 + n**2. Let m be 0 - (4/(-4) - -4). What is v(m)?
3
Let s(a) = 0*a + 1 + a**2 + 0*a + 2*a. Suppose 0 = -5*l, 3*w = 5*l - 5 - 4. Determine s(w).
4
Let i be (4/(-10))/((-5)/(-25)). Let d(y) = -2*y**3 + 7*y**2 - 5*y - 7. Let l(t) = t**3 - 6*t**2 + 5*t + 6. Let v(f) = i*d(f) - 3*l(f). Determine v(-5).
-4
Suppose 4*q - 3 - 21 = 0. Let w(y) = y**2 - 7*y + 9. Let g be w(q). Let p(v) = 3*v**3 + 5 - 6*v**3 + v - v**g + 3*v**3. Calculate p(0).
5
Let b(q) = 0 + 0*q**2 - 3 - 2*q - q**2. Suppose -4*u = 4*i + 16, u - i = -6*i - 8. Calculate b(u).
-6
Let p(l) be the first derivative of l**4/8 - l**3/3 - l**2/2 + 3. Let a(c) be the second derivative of p(c). What is a(2)?
4
Suppose 0 = -g + 7*g - 12. Let m(t) = -2 - 5*t**g + 0*t + 10*t**2 - t**3 + 7*t. What is m(6)?
4
Suppose 5*b - 165 + 0 = 0. Suppose -2*f - 2*f = -x + 18, 5*f = -4*x - b. Let h(y) = -y**3 - y**2 + 2*y + 2. What is h(x)?
2
Let t = -9 + 3. Let b(v) = v**2 + 6*v + 7. Calculate b(t).
7
Let z(i) = -i**2 + i - 2. Let x be 1/((-33)/15 - -2). Let t(w) = -2*w - 7. Let q be t(x). Suppose -4*b - 5*n = q + 14, -b - 18 = 4*n. What is z(b)?
-4
Suppose -12 = 3*x + 18. Let v be x + (-2 + 4 - 0). Let o = v - -5. Let s(a) = -3*a - 1. Determine s(o).
8
Let j(u) = 6 - u + 0*u - 3. Suppose 4*n = -2 + 14. What is j(n)?
0
Let b(s) = -3*s**2 - s - 1. Let x(y) = -3*y + 26. Let n be x(9). What is b(n)?
-3
Suppose -6*c + 3*c = -9. Let g(z) = -z + 1. Let l(u) = u. Let m(p) = c*g(p) + 4*l(p). Let y(x) = -x - 2. Let a(w) = -3*m(w) - 2*y(w). Determine a(0).
-5
Suppose 0*y = -4*y - 16. Let v(o) = -6*o**3 - 3*o**2 - 4*o + 3. Let k(h) = -5*h**3 - 2*h**2 - 4*h + 3. Let t(f) = y*v(f) + 5*k(f). Give t(2).
-5
Suppose l + 5 - 7 = 0. Let k(v) be the second derivative of -v**4/12 + v**3/2 - v**2/2 - v. What is k(l)?
1
Suppose 5*u = u + 8. Let g(n) = 2 - 3*n**2 - 7*n + 3*n**3 + u*n - 2*n**3. Calculate g(4).
-2
Suppose 0*r + 6*r = 0. Let g be (-2)/(-3) - (-2)/6. Suppose r*c + g = c. Let o(d) = 2*d + 1. Determine o(c).
3
Let d(b) = -6*b - 6. Let r(t) = 7*t + 6. Let c(w) = 4*d(w) + 3*r(w). Calculate c(-5).
9
Suppose -4*g - 3*i - 8 = 0, 5*i - 7 + 1 = 3*g. Let w(q) = 8 - q**2 + 5 - 12. Give w(g).
-3
Let m(w) = -41*w - 1 + 0 + 42*w. Let j(x) = -2*x + 1. Let b be j(-1). Suppose 1 = -b*h + 7. What is m(h)?
1
Let h(m) be the third derivative of -m**3 - 2*m**2 + 0 + 0*m - 1/8*m**4. Give h(-4).
6
Let p be (0/2)/(-3 - -5). Suppose 2*s + 0*s - 8 = p. Let c(x) = 9*x. Let r(g) = -8*g + 1. Let l(z) = 4*c(z) + 5*r(z). Determine l(s).
-11
Suppose -3*o - 4*n + n = 9, 2*o - n = 3. Let c(a) be the first derivative of -a**4/4 - a**3/3 + 6*a - 4. Determine c(o).
6
Let h(y) = y**3 - 3*y**2 + 1. Let j = 27 + -9. Suppose -3*g + 3 = 5*t, -4*t + j = 2*g - 6*t. Suppose -5*s + g = -4. What is h(s)?
-3
Let k(q) = -q. Let l(i) = 3*i - 4. Let w(m) = 2*k(m) + l(m). Suppose -38 = 5*u + 3*r + 24, -4*u - 2*r = 48. Let d be ((-12)/u)/(18/45). Give w(d).
-1
Suppose 0 = -3*m + 3 - 12. Let g be 4/m*6/(-4). Let q(x) = -2 - 6*x + g. What is q(-1)?
6
Let u(g) = g**3 + 10*g**2 - g - 8. Let f be u(-10). Let d(n) = -7 + 3*n - n**3 - n + 3*n**2 + 2*n**f. Give d(5).
3
Let u = -17 + 12. Let c(r) = 2*r + 5. Calculate c(u).
-5
Let j(n) be the second derivative of n**4/12 - n**3/6 - n**2 - 23*n + 5. Suppose -14 = 4*x - 2*q, x - 6 = -3*q + 1. Give j(x).
4
Let p(b) be the second derivative of -b**4/12 + b**3/6 - 3*b**2 + b. Give p(0).
-6
Suppose -2*n - 3*v = v + 16, -4*n = -4*v - 4. Let a(w) = -w**2 + 3*w + 1. Calculate a(n).
-9
Let y(v) = 17*v + 4*v**2 - 5*v + 14 - 3*v**2. Let j be y(-11). Let f(k) = -4 - k + 5*k**2 + 3*k**3 - 2*k**j - k + 4*k. What is f(-4)?
4
Let r(h) = -h**3 - 4*h**2 - 3*h - 3. Let y = 11 + -8. Suppose -3*i - 14 = 2*k, 0 = -i - y*i - 5*k - 28. Let l be i*(-3)/6 + -5. Calculate r(l).
9
Suppose -24 = -2*l + 4*r, -l - 18 = -0*l + 4*r. Let w(m) = 0*m**2 + 2*m**3 + 1 + 2*m**2 + l*m - 8*m**3. Let n(d) = -d - 4. Let t be n(-3). Give w(t).
7
Let q = 0 + -2. Let h be 3*(q/3)/1. Let z(w) be the first derivative of -w**4/2 - 4*w**3/3 - 3*w**2/2 - w - 8. Calculate z(h).
5
Let q(z) = -5*z**2 + 9*z + 2. Let r(u) = -9*u**2 + 17*u + 3. Let o(t) = 11*q(t) - 6*r(t). Calculate o(-5).
-6
Let y(z) = z. Let d = -2 + 5. Suppose 4*n - 9 = 2*f - f, -5*n = -2*f - 12. Suppose 3*m = l, d*m + 1 - 4 = n*l. What is y(m)?
-1
Let w(a) = 10*a**2 + a - 3. Let v(k) = -1. Let y(m) = -3*v(m) + w(m). What is y(1)?
11
Let q(a) = 2*a**3 - 17 + 2*a - a**3 + 20 - 6*a**2. Calculate q(6).
15
Let r(g) be the first derivative of -g**3/3 - g**2 - 2*g - 2. Let j be 8/4 - (5 - 0). Calculate r(j).
-5
Let g(t) be the first derivative of t**4/4 - 5*t**3/3 + t**2/2 - 2*t - 1. Let d be (8/2 - 2) + 3. Give g(d).
3
Let m(k) = 2*k + 1. Let z(w) = -w**2 + 6*w. Let p = 7 + 0. Let s be z(p). Let h(b) = -b - 10. Let r be h(s). Determine m(r).
-5
Let m(x) = -x**3 - x**2 + 3. Let g be m(0). Let f(r) be the second derivative of r**4/12 - 3*r**2/2 - 6*r. What is f(g)?
6
Let b(z) be the first derivative of -z**2/2 - 1. Let i(m) = -3. Let f(p) = -b(p) - i(p). Determine f(-4).
-1
Let d(p) = -10*p + 3. Let b(q) = -q + 0 - 1 + 6*q. Let a(x) = -7*b(x) - 3*d(x). Suppose -4 + 10 = -3*l. Give a(l).
8
Let z be 40/7 - (-4)/14. Let w(g) = 7*g**3 + 3*g**2 + 17. Let j(v) = 3*v**3 + 2*v**2 + 8. Let y = 10 + -1. Let s(k) = y*j(k) - 4*w(k). Calculate s(z).
4
Suppose -4*r = 3*b - 9 - 1, -3*b - 22 = -4*r. Let t be 66/12 - (-1)/b. Let v(l) = -l**2 + 7*l + 2. Let q(p) = -p. Let n(x) = -2*q(x) - v(x). Calculate n(t).
-2
Let j(l) = -l - 2 - 60*l**3 + 0*l**2 + 4*l**2 + 61*l**3. Give j(-4).
2
Let r(v) = 8*v + 24*v - 4 - 31*v. Let q = 2 + 0. Suppose 3 = 2*j - 3*z, q*z - 1 = -3. Give r(j).
-4
Suppose 0 = -4*v - 5*s - 3 + 10, -55 = -5*v + 3*s. Let o(x) = x**2 - 8*x. What is o(v)?
0
Let k(g) = -4*g**2 + 5*g**2 + 14*g - 14*g -